{"id":217561,"date":"2025-01-15T23:59:36","date_gmt":"2025-01-15T23:59:36","guid":{"rendered":"https:\/\/aldeco.pt\/product\/tawny\/"},"modified":"2025-06-03T13:25:36","modified_gmt":"2025-06-03T13:25:36","slug":"tawny","status":"publish","type":"product","link":"https:\/\/staging.aldeco.pt\/pt-pt\/product\/tawny\/","title":{"rendered":"TAWNY"},"content":{"rendered":"<p>TAWNY \u00e9 um tecido jacquard decorativo para cortina e reposteiro. O seu desenho abstrato composto por uma estrutura de linhas paralelas dram\u00e1ticamente decompostas.  Os seus fios de seda, algod\u00e3o e viscose s\u00e3o combinados para criar efeitos de desgaste, conferindo simultaneamente um toque sofisticado e elegante ao tecido. Est\u00e1 dispon\u00edvel em dois tons naturais. <\/p>\n","protected":false},"excerpt":{"rendered":"<p>TAWNY \u00e9 um tecido jacquard decorativo para cortina e reposteiro. O seu desenho abstrato composto por uma estrutura de linhas paralelas dram\u00e1ticamente decompostas.  Os seus fios de seda, algod\u00e3o e viscose s\u00e3o combinados para criar efeitos de desgaste, conferindo simultaneamente um toque sofisticado e elegante ao tecido. Est\u00e1 dispon\u00edvel em dois tons naturais. <\/p>\n<h2>TAWNY \u00e9 um tecido jacquard decorativo para cortina e reposteiro. O seu desenho abastrato composto por uma estrutura de linhas paralelas dram\u00e1ticamente decompostas. <\/h2>\n<p><img fetchpriority=\"high\" decoding=\"async\" class=\"alignnone wp-image-217557 size-medium\" src=\"https:\/\/aldeco.pt\/wp-content\/uploads\/2025\/01\/T193290001-1-300x200.jpg\" alt=\"Tawny - Aldeco\" width=\"300\" height=\"200\"><\/p>\n<p><a href=\"https:\/\/aldeco.pt\/pt-pt\/product\/tawny\/?attribute_pa_aldeco-color=01-linen-pt-pt\">https:\/\/aldeco.pt\/pt-pt\/product\/tawny\/?attribute_pa_aldeco-color=01-linen-pt-pt<\/a><\/p>\n<p><a href=\"https:\/\/www.instagram.com\/aldeco_interiorfabrics\/\">https:\/\/www.instagram.com\/aldeco_interiorfabrics\/<\/a><\/p>\n","protected":false},"featured_media":226866,"template":"","meta":[],"product_brand":[],"product_cat":[6145],"product_tag":[],"class_list":["post-217561","product","type-product","status-publish","has-post-thumbnail","product_cat-aldeco-2-pt-pt-2","pa_cleanability-8282","pa_composition-ext-16-pl-7-si-30-bci-co-47-vi-pt-pt","pa_interior-fabrics-1-pt-pt","pa_line-tecidos","pa_lithfastness-4-pt-pt","pa_opportunities-descontinuado","pa_range-jacquard-pt-pt","pa_rapport-horizontal-33-5-pt-pt","pa_rapport-vertical-23-5-pt-pt","pa_sustainable-fabrics-1-pt-pt","first","instock","purchasable","product-type-variable"],"acf":[],"_links":{"self":[{"href":"https:\/\/staging.aldeco.pt\/pt-pt\/wp-json\/wp\/v2\/product\/217561","targetHints":{"allow":["GET"]}}],"collection":[{"href":"https:\/\/staging.aldeco.pt\/pt-pt\/wp-json\/wp\/v2\/product"}],"about":[{"href":"https:\/\/staging.aldeco.pt\/pt-pt\/wp-json\/wp\/v2\/types\/product"}],"version-history":[{"count":2,"href":"https:\/\/staging.aldeco.pt\/pt-pt\/wp-json\/wp\/v2\/product\/217561\/revisions"}],"predecessor-version":[{"id":220399,"href":"https:\/\/staging.aldeco.pt\/pt-pt\/wp-json\/wp\/v2\/product\/217561\/revisions\/220399"}],"wp:featuredmedia":[{"embeddable":true,"href":"https:\/\/staging.aldeco.pt\/pt-pt\/wp-json\/wp\/v2\/media\/226866"}],"wp:attachment":[{"href":"https:\/\/staging.aldeco.pt\/pt-pt\/wp-json\/wp\/v2\/media?parent=217561"}],"wp:term":[{"taxonomy":"product_brand","embeddable":true,"href":"https:\/\/staging.aldeco.pt\/pt-pt\/wp-json\/wp\/v2\/product_brand?post=217561"},{"taxonomy":"product_cat","embeddable":true,"href":"https:\/\/staging.aldeco.pt\/pt-pt\/wp-json\/wp\/v2\/product_cat?post=217561"},{"taxonomy":"product_tag","embeddable":true,"href":"https:\/\/staging.aldeco.pt\/pt-pt\/wp-json\/wp\/v2\/product_tag?post=217561"}],"curies":[{"name":"wp","href":"https:\/\/api.w.org\/{rel}","templated":true}]}}

<p>TAWNY é um tecido jacquard decorativo para cortina e reposteiro. O seu desenho abstrato composto por uma estrutura de linhas paralelas dramáticamente decompostas.  Os seus fios de seda, algodão e viscose são combinados para criar efeitos de desgaste, conferindo simultaneamente um toque sofisticado e elegante ao tecido. Está disponível em dois tons naturais. </p>

<p>TAWNY é um tecido jacquard decorativo para cortina e reposteiro. O seu desenho abstrato composto por uma estrutura de linhas paralelas dramáticamente decompostas.  Os seus fios de seda, algodão e viscose são combinados para criar efeitos de desgaste, conferindo simultaneamente um toque sofisticado e elegante ao tecido. Está disponível em dois tons naturais. </p>
<h2>TAWNY é um tecido jacquard decorativo para cortina e reposteiro. O seu desenho abastrato composto por uma estrutura de linhas paralelas dramáticamente decompostas. </h2>
<p><img fetchpriority="high" decoding="async" class="alignnone wp-image-217557 size-medium" src="https://aldeco.pt/wp-content/uploads/2025/01/T193290001-1-300x200.jpg" alt="Tawny - Aldeco" width="300" height="200"></p>
<p><a href="https://aldeco.pt/pt-pt/product/tawny/?attribute_pa_aldeco-color=01-linen-pt-pt">https://aldeco.pt/pt-pt/product/tawny/?attribute_pa_aldeco-color=01-linen-pt-pt</a></p>
<p><a href="https://www.instagram.com/aldeco_interiorfabrics/">https://www.instagram.com/aldeco_interiorfabrics/</a></p>
