{"id":193195,"date":"2024-05-09T20:37:50","date_gmt":"2024-05-09T20:37:50","guid":{"rendered":"https:\/\/aldeco.pt\/product\/indigene-fr\/"},"modified":"2024-09-23T09:10:02","modified_gmt":"2024-09-23T09:10:02","slug":"indigene-fr","status":"publish","type":"product","link":"https:\/\/staging.aldeco.pt\/pt-pt\/product\/indigene-fr\/","title":{"rendered":"INDIG\u00c8NE FR"},"content":{"rendered":"<p>Indig\u00e9ne FR \u00e9 um tecido jacquard incr\u00edvel inspirado nas comunidades ind\u00edgenas africanas e no recurso aos padr\u00f5es geom\u00e9tricos simb\u00f3licos em tons terra e quentes. Viaje pelas savanas africanas com este tecido de look natural simplesmente irresist\u00edvel, poder\u00e1 ser facilmente coorden\u00e1vel com restante paleta e texturas da colec\u00e7\u00e3o.<\/p>\n","protected":false},"excerpt":{"rendered":"<p>Indig\u00e9ne FR \u00e9 um tecido jacquard incr\u00edvel inspirado nas comunidades ind\u00edgenas africanas e no recurso aos padr\u00f5es geom\u00e9tricos simb\u00f3licos em tons terra e quentes. Viaje pelas savanas africanas com este tecido de look natural simplesmente irresist\u00edvel, poder\u00e1 ser facilmente coorden\u00e1vel com restante paleta e texturas da colec\u00e7\u00e3o.<\/p>\n<h2>Indig\u00e9ne FR \u00e9 um tecido jacquard incr\u00edvel inspirado nas comunidades ind\u00edgenas africanas e no recurso aos padr\u00f5es geom\u00e9tricos simb\u00f3licos em tons terra e quentes. Viaje pelas savanas africanas com este tecido de look natural simplesmente irresist\u00edvel, poder\u00e1 ser facilmente coorden\u00e1vel com restante paleta e texturas da colec\u00e7\u00e3o.<\/h2>\n<p>&nbsp;<\/p>\n<p><img fetchpriority=\"high\" decoding=\"async\" class=\"alignnone wp-image-176716 size-medium\" src=\"https:\/\/aldeco.pt\/wp-content\/uploads\/2024\/01\/T193010002-3-300x200.jpg\" alt=\"Indig\u00e8ne FR - Aldeco\" width=\"300\" height=\"200\" \/><\/p>\n<p><a href=\"https:\/\/aldeco.pt\/product\/indigene-fr\/?attribute_pa_aldeco-color=01-natural-hues\">https:\/\/aldeco.pt\/product\/indigene-fr\/?attribute_pa_aldeco-color=01-natural-hues<\/a><\/p>\n<p><a href=\"https:\/\/www.instagram.com\/aldeco_interiorfabrics\/\">https:\/\/www.instagram.com\/aldeco_interiorfabrics\/<\/a><\/p>\n","protected":false},"featured_media":226911,"template":"","meta":[],"product_brand":[],"product_cat":[6145,6151],"product_tag":[],"class_list":["post-193195","product","type-product","status-publish","has-post-thumbnail","product_cat-aldeco-2-pt-pt-2","product_cat-contract-pt-pt","pa_cleanability-8282","pa_composition-ext-48-co-20-pl-15-li-12-vi-2-pc-2-wo-1-pa-pt-pt","pa_contract-fabrics-1-pt-pt","pa_interior-fabrics-1-pt-pt","pa_line-tecidos","pa_lithfastness-4-5-pt-pt","pa_outdoor-0-pt-pt","pa_range-jacquard-pt-pt","pa_rapport-horizontal-16-5-pt-pt","pa_rapport-vertical-33-pt-pt","pa_special-treatments-fabrics-1-pt-pt","first","instock","purchasable","product-type-variable"],"acf":[],"_links":{"self":[{"href":"https:\/\/staging.aldeco.pt\/pt-pt\/wp-json\/wp\/v2\/product\/193195","targetHints":{"allow":["GET"]}}],"collection":[{"href":"https:\/\/staging.aldeco.pt\/pt-pt\/wp-json\/wp\/v2\/product"}],"about":[{"href":"https:\/\/staging.aldeco.pt\/pt-pt\/wp-json\/wp\/v2\/types\/product"}],"version-history":[{"count":2,"href":"https:\/\/staging.aldeco.pt\/pt-pt\/wp-json\/wp\/v2\/product\/193195\/revisions"}],"predecessor-version":[{"id":200732,"href":"https:\/\/staging.aldeco.pt\/pt-pt\/wp-json\/wp\/v2\/product\/193195\/revisions\/200732"}],"wp:featuredmedia":[{"embeddable":true,"href":"https:\/\/staging.aldeco.pt\/pt-pt\/wp-json\/wp\/v2\/media\/226911"}],"wp:attachment":[{"href":"https:\/\/staging.aldeco.pt\/pt-pt\/wp-json\/wp\/v2\/media?parent=193195"}],"wp:term":[{"taxonomy":"product_brand","embeddable":true,"href":"https:\/\/staging.aldeco.pt\/pt-pt\/wp-json\/wp\/v2\/product_brand?post=193195"},{"taxonomy":"product_cat","embeddable":true,"href":"https:\/\/staging.aldeco.pt\/pt-pt\/wp-json\/wp\/v2\/product_cat?post=193195"},{"taxonomy":"product_tag","embeddable":true,"href":"https:\/\/staging.aldeco.pt\/pt-pt\/wp-json\/wp\/v2\/product_tag?post=193195"}],"curies":[{"name":"wp","href":"https:\/\/api.w.org\/{rel}","templated":true}]}}

INDIGÈNE FR

<p>Indigéne FR é um tecido jacquard incrível inspirado nas comunidades indígenas africanas e no recurso aos padrões geométricos simbólicos em tons terra e quentes. Viaje pelas savanas africanas com este tecido de look natural simplesmente irresistível, poderá ser facilmente coordenável com restante paleta e texturas da colecção.</p>

<p>Indigéne FR é um tecido jacquard incrível inspirado nas comunidades indígenas africanas e no recurso aos padrões geométricos simbólicos em tons terra e quentes. Viaje pelas savanas africanas com este tecido de look natural simplesmente irresistível, poderá ser facilmente coordenável com restante paleta e texturas da colecção.</p>
<h2>Indigéne FR é um tecido jacquard incrível inspirado nas comunidades indígenas africanas e no recurso aos padrões geométricos simbólicos em tons terra e quentes. Viaje pelas savanas africanas com este tecido de look natural simplesmente irresistível, poderá ser facilmente coordenável com restante paleta e texturas da colecção.</h2>
<p>&nbsp;</p>
<p><img fetchpriority="high" decoding="async" class="alignnone wp-image-176716 size-medium" src="https://aldeco.pt/wp-content/uploads/2024/01/T193010002-3-300x200.jpg" alt="Indigène FR - Aldeco" width="300" height="200" /></p>
<p><a href="https://aldeco.pt/product/indigene-fr/?attribute_pa_aldeco-color=01-natural-hues">https://aldeco.pt/product/indigene-fr/?attribute_pa_aldeco-color=01-natural-hues</a></p>
<p><a href="https://www.instagram.com/aldeco_interiorfabrics/">https://www.instagram.com/aldeco_interiorfabrics/</a></p>
