{"id":187521,"date":"2024-05-09T22:53:19","date_gmt":"2024-05-09T22:53:19","guid":{"rendered":"https:\/\/aldeco.pt\/product\/vellutino-fr\/"},"modified":"2024-09-30T09:03:10","modified_gmt":"2024-09-30T09:03:10","slug":"vellutino-fr","status":"publish","type":"product","link":"https:\/\/staging.aldeco.pt\/pt-pt\/product\/vellutino-fr\/","title":{"rendered":"VELLUTINO FR"},"content":{"rendered":"<p>Textura de veludo tricotada, muito resistente e com um toque suave. Dispon\u00edvel em 16 cores encantadoras, pode ser facilmente combinado com a cole\u00e7\u00e3o, especialmente os Necessaires.<\/p>\n","protected":false},"excerpt":{"rendered":"<p>Textura de veludo tricotada, muito resistente e com um toque suave. Dispon\u00edvel em 16 cores encantadoras, pode ser facilmente combinado com a cole\u00e7\u00e3o, especialmente os Necessaires.<\/p>\n","protected":false},"featured_media":157607,"template":"","meta":[],"product_brand":[],"product_cat":[6153],"product_tag":[],"class_list":["post-187521","product","type-product","status-publish","has-post-thumbnail","product_cat-aldeco-smarter-pt-pt","pa_cleanability-8282","pa_composition-ext-100-pl-pt-pt","pa_contract-fabrics-1-pt-pt","pa_interior-fabrics-1-pt-pt","pa_line-tecidos","pa_lithfastness-5-pt-pt","pa_outdoor-0-pt-pt","pa_range-liso","pa_range-veludo","pa_rapport-vertical-11009","pa_special-treatments-fabrics-1-pt-pt","first","instock","purchasable","product-type-variable"],"acf":[],"_links":{"self":[{"href":"https:\/\/staging.aldeco.pt\/pt-pt\/wp-json\/wp\/v2\/product\/187521","targetHints":{"allow":["GET"]}}],"collection":[{"href":"https:\/\/staging.aldeco.pt\/pt-pt\/wp-json\/wp\/v2\/product"}],"about":[{"href":"https:\/\/staging.aldeco.pt\/pt-pt\/wp-json\/wp\/v2\/types\/product"}],"version-history":[{"count":2,"href":"https:\/\/staging.aldeco.pt\/pt-pt\/wp-json\/wp\/v2\/product\/187521\/revisions"}],"predecessor-version":[{"id":200588,"href":"https:\/\/staging.aldeco.pt\/pt-pt\/wp-json\/wp\/v2\/product\/187521\/revisions\/200588"}],"wp:featuredmedia":[{"embeddable":true,"href":"https:\/\/staging.aldeco.pt\/pt-pt\/wp-json\/wp\/v2\/media\/157607"}],"wp:attachment":[{"href":"https:\/\/staging.aldeco.pt\/pt-pt\/wp-json\/wp\/v2\/media?parent=187521"}],"wp:term":[{"taxonomy":"product_brand","embeddable":true,"href":"https:\/\/staging.aldeco.pt\/pt-pt\/wp-json\/wp\/v2\/product_brand?post=187521"},{"taxonomy":"product_cat","embeddable":true,"href":"https:\/\/staging.aldeco.pt\/pt-pt\/wp-json\/wp\/v2\/product_cat?post=187521"},{"taxonomy":"product_tag","embeddable":true,"href":"https:\/\/staging.aldeco.pt\/pt-pt\/wp-json\/wp\/v2\/product_tag?post=187521"}],"curies":[{"name":"wp","href":"https:\/\/api.w.org\/{rel}","templated":true}]}}

<p>Textura de veludo tricotada, muito resistente e com um toque suave. Disponível em 16 cores encantadoras, pode ser facilmente combinado com a coleção, especialmente os Necessaires.</p>
