{"id":185584,"date":"2024-05-09T21:35:10","date_gmt":"2024-05-09T21:35:10","guid":{"rendered":"https:\/\/aldeco.pt\/product\/rattan-wlb-fr\/"},"modified":"2024-10-08T09:32:11","modified_gmt":"2024-10-08T09:32:11","slug":"rattan-wlb-fr","status":"publish","type":"product","link":"https:\/\/staging.aldeco.pt\/pt-pt\/product\/rattan-wlb-fr\/","title":{"rendered":"RATTAN WLB FR"},"content":{"rendered":"<p>RATTAN FR WLB \u00e9 um tecido de cortina sofisticado com um look minimalista e um efeito crush. Apresentamos esta rede moderna em poli\u00e9ster retardante de chama (ignif\u00fago inerente), muito elegante mas natural, com 300 cm e fio de chumbo j\u00e1 inclu\u00eddo.<br \/>\nEncontra-se dispon\u00edvel em 4 cores neutras.<\/p>\n","protected":false},"excerpt":{"rendered":"<p>RATTAN FR WLB \u00e9 um tecido de cortina sofisticado com um look minimalista e um efeito crush. Apresentamos esta rede moderna em poli\u00e9ster retardante de chama (ignif\u00fago inerente), muito elegante mas natural, com 300 cm e fio de chumbo j\u00e1 inclu\u00eddo.<br \/>\nEncontra-se dispon\u00edvel em 4 cores neutras.<\/p>\n<h2>RATTAN FR WLB \u00e9 um tecido de cortina sofisticado com um look minimalista e um efeito crush. Apresentamos esta rede moderna em poli\u00e9ster retardante de chama (ignif\u00fago inerente), muito elegante mas natural, com 300 cm e fio de chumbo j\u00e1 inclu\u00eddo.<br \/>\nEncontra-se dispon\u00edvel em 4 cores neutras.<\/h2>\n<p><img fetchpriority=\"high\" decoding=\"async\" class=\"alignnone wp-image-188593 size-medium\" src=\"https:\/\/aldeco.pt\/wp-content\/uploads\/2024\/01\/T192270001-4-300x200.jpg\" alt=\"Rattan FR Wlb - Aldeco\" width=\"300\" height=\"200\" \/><\/p>\n<p><a href=\"https:\/\/www.instagram.com\/aldeco_interiorfabrics\/\">https:\/\/www.instagram.com\/aldeco_interiorfabrics\/<\/a><\/p>\n<p><a href=\"https:\/\/aldeco.pt\/product\/rattan-wlb-fr\/?attribute_pa_aldeco-color=01-off-white\">https:\/\/aldeco.pt\/product\/rattan-wlb-fr\/?attribute_pa_aldeco-color=01-off-white<\/a><\/p>\n","protected":false},"featured_media":156563,"template":"","meta":[],"product_brand":[],"product_cat":[6145],"product_tag":[],"class_list":["post-185584","product","type-product","status-publish","has-post-thumbnail","product_cat-aldeco-2-pt-pt-2","pa_cleanability-8282","pa_composition-ext-100-pl-fr-pt-pt","pa_contract-fabrics-1-pt-pt","pa_interior-fabrics-1-pt-pt","pa_line-tecidos","pa_lithfastness-4-5-pt-pt","pa_outdoor-0-pt-pt","pa_range-liso","pa_range-transparente","pa_rapport-vertical-11009","pa_special-treatments-fabrics-1-pt-pt","first","instock","purchasable","product-type-variable"],"acf":[],"_links":{"self":[{"href":"https:\/\/staging.aldeco.pt\/pt-pt\/wp-json\/wp\/v2\/product\/185584","targetHints":{"allow":["GET"]}}],"collection":[{"href":"https:\/\/staging.aldeco.pt\/pt-pt\/wp-json\/wp\/v2\/product"}],"about":[{"href":"https:\/\/staging.aldeco.pt\/pt-pt\/wp-json\/wp\/v2\/types\/product"}],"version-history":[{"count":2,"href":"https:\/\/staging.aldeco.pt\/pt-pt\/wp-json\/wp\/v2\/product\/185584\/revisions"}],"predecessor-version":[{"id":202187,"href":"https:\/\/staging.aldeco.pt\/pt-pt\/wp-json\/wp\/v2\/product\/185584\/revisions\/202187"}],"wp:featuredmedia":[{"embeddable":true,"href":"https:\/\/staging.aldeco.pt\/pt-pt\/wp-json\/wp\/v2\/media\/156563"}],"wp:attachment":[{"href":"https:\/\/staging.aldeco.pt\/pt-pt\/wp-json\/wp\/v2\/media?parent=185584"}],"wp:term":[{"taxonomy":"product_brand","embeddable":true,"href":"https:\/\/staging.aldeco.pt\/pt-pt\/wp-json\/wp\/v2\/product_brand?post=185584"},{"taxonomy":"product_cat","embeddable":true,"href":"https:\/\/staging.aldeco.pt\/pt-pt\/wp-json\/wp\/v2\/product_cat?post=185584"},{"taxonomy":"product_tag","embeddable":true,"href":"https:\/\/staging.aldeco.pt\/pt-pt\/wp-json\/wp\/v2\/product_tag?post=185584"}],"curies":[{"name":"wp","href":"https:\/\/api.w.org\/{rel}","templated":true}]}}

<p>RATTAN FR WLB é um tecido de cortina sofisticado com um look minimalista e um efeito crush. Apresentamos esta rede moderna em poliéster retardante de chama (ignifúgo inerente), muito elegante mas natural, com 300 cm e fio de chumbo já incluído.<br />
Encontra-se disponível em 4 cores neutras.</p>

<p>RATTAN FR WLB é um tecido de cortina sofisticado com um look minimalista e um efeito crush. Apresentamos esta rede moderna em poliéster retardante de chama (ignifúgo inerente), muito elegante mas natural, com 300 cm e fio de chumbo já incluído.<br />
Encontra-se disponível em 4 cores neutras.</p>
<h2>RATTAN FR WLB é um tecido de cortina sofisticado com um look minimalista e um efeito crush. Apresentamos esta rede moderna em poliéster retardante de chama (ignifúgo inerente), muito elegante mas natural, com 300 cm e fio de chumbo já incluído.<br />
Encontra-se disponível em 4 cores neutras.</h2>
<p><img fetchpriority="high" decoding="async" class="alignnone wp-image-188593 size-medium" src="https://aldeco.pt/wp-content/uploads/2024/01/T192270001-4-300x200.jpg" alt="Rattan FR Wlb - Aldeco" width="300" height="200" /></p>
<p><a href="https://www.instagram.com/aldeco_interiorfabrics/">https://www.instagram.com/aldeco_interiorfabrics/</a></p>
<p><a href="https://aldeco.pt/product/rattan-wlb-fr/?attribute_pa_aldeco-color=01-off-white">https://aldeco.pt/product/rattan-wlb-fr/?attribute_pa_aldeco-color=01-off-white</a></p>
