{"id":184704,"date":"2024-05-09T20:53:49","date_gmt":"2024-05-09T20:53:49","guid":{"rendered":"https:\/\/aldeco.pt\/product\/local-fr\/"},"modified":"2024-09-25T08:35:41","modified_gmt":"2024-09-25T08:35:41","slug":"local-fr","status":"publish","type":"product","link":"https:\/\/staging.aldeco.pt\/pt-pt\/product\/local-fr\/","title":{"rendered":"LOCAL FR"},"content":{"rendered":"<p>\u00c9 um tecido para cortinas com uma ligeira transpar\u00eancia muito leve que cumpre v\u00e1rias normas retardantes de chama e \u00e9 OEKO-TEX Standard 100. Este tecido transparente est\u00e1 dispon\u00edvel em 4 tons muito naturais.<\/p>\n","protected":false},"excerpt":{"rendered":"<p>\u00c9 um tecido para cortinas com uma ligeira transpar\u00eancia muito leve que cumpre v\u00e1rias normas retardantes de chama e \u00e9 OEKO-TEX Standard 100. Este tecido transparente est\u00e1 dispon\u00edvel em 4 tons muito naturais.<\/p>\n<h2>LOCAL FR \u00e9 um tecido para cortinas com uma ligeira transpar\u00eancia muito leve que cumpre v\u00e1rias normas retardantes de chama e \u00e9 OEKO-TEX Standard 100. Este tecido transparente est\u00e1 dispon\u00edvel em 4 tons muito naturais.<\/h2>\n<p><img fetchpriority=\"high\" decoding=\"async\" class=\"alignnone wp-image-182038 size-medium\" src=\"https:\/\/aldeco.pt\/wp-content\/uploads\/2024\/01\/T190910001-3-300x225.jpg\" alt=\"Local FR - Aldeco\" width=\"300\" height=\"225\" \/><\/p>\n<p><a href=\"https:\/\/www.instagram.com\/aldeco_interiorfabrics\/\">https:\/\/www.instagram.com\/aldeco_interiorfabrics\/<\/a><\/p>\n<p><a href=\"https:\/\/aldeco.pt\/product\/local-fr\/?attribute_pa_aldeco-color=01-marzipan\">https:\/\/aldeco.pt\/product\/local-fr\/?attribute_pa_aldeco-color=01-marzipan<\/a><\/p>\n<p>&nbsp;<\/p>\n","protected":false},"featured_media":155987,"template":"","meta":[],"product_brand":[],"product_cat":[6145],"product_tag":[],"class_list":["post-184704","product","type-product","status-publish","has-post-thumbnail","product_cat-aldeco-2-pt-pt-2","pa_cleanability-8282","pa_composition-ext-100-pl-pt-pt","pa_contract-fabrics-1-pt-pt","pa_interior-fabrics-1-pt-pt","pa_line-tecidos","pa_lithfastness-6-pt-pt","pa_outdoor-0-pt-pt","pa_range-liso","pa_range-transparente","pa_rapport-vertical-11009","pa_special-treatments-fabrics-1-pt-pt","pa_sustainable-fabrics-1-pt-pt","first","instock","purchasable","product-type-variable"],"acf":[],"_links":{"self":[{"href":"https:\/\/staging.aldeco.pt\/pt-pt\/wp-json\/wp\/v2\/product\/184704","targetHints":{"allow":["GET"]}}],"collection":[{"href":"https:\/\/staging.aldeco.pt\/pt-pt\/wp-json\/wp\/v2\/product"}],"about":[{"href":"https:\/\/staging.aldeco.pt\/pt-pt\/wp-json\/wp\/v2\/types\/product"}],"version-history":[{"count":2,"href":"https:\/\/staging.aldeco.pt\/pt-pt\/wp-json\/wp\/v2\/product\/184704\/revisions"}],"predecessor-version":[{"id":200799,"href":"https:\/\/staging.aldeco.pt\/pt-pt\/wp-json\/wp\/v2\/product\/184704\/revisions\/200799"}],"wp:featuredmedia":[{"embeddable":true,"href":"https:\/\/staging.aldeco.pt\/pt-pt\/wp-json\/wp\/v2\/media\/155987"}],"wp:attachment":[{"href":"https:\/\/staging.aldeco.pt\/pt-pt\/wp-json\/wp\/v2\/media?parent=184704"}],"wp:term":[{"taxonomy":"product_brand","embeddable":true,"href":"https:\/\/staging.aldeco.pt\/pt-pt\/wp-json\/wp\/v2\/product_brand?post=184704"},{"taxonomy":"product_cat","embeddable":true,"href":"https:\/\/staging.aldeco.pt\/pt-pt\/wp-json\/wp\/v2\/product_cat?post=184704"},{"taxonomy":"product_tag","embeddable":true,"href":"https:\/\/staging.aldeco.pt\/pt-pt\/wp-json\/wp\/v2\/product_tag?post=184704"}],"curies":[{"name":"wp","href":"https:\/\/api.w.org\/{rel}","templated":true}]}}

<p>É um tecido para cortinas com uma ligeira transparência muito leve que cumpre várias normas retardantes de chama e é OEKO-TEX Standard 100. Este tecido transparente está disponível em 4 tons muito naturais.</p>

<p>É um tecido para cortinas com uma ligeira transparência muito leve que cumpre várias normas retardantes de chama e é OEKO-TEX Standard 100. Este tecido transparente está disponível em 4 tons muito naturais.</p>
<h2>LOCAL FR é um tecido para cortinas com uma ligeira transparência muito leve que cumpre várias normas retardantes de chama e é OEKO-TEX Standard 100. Este tecido transparente está disponível em 4 tons muito naturais.</h2>
<p><img fetchpriority="high" decoding="async" class="alignnone wp-image-182038 size-medium" src="https://aldeco.pt/wp-content/uploads/2024/01/T190910001-3-300x225.jpg" alt="Local FR - Aldeco" width="300" height="225" /></p>
<p><a href="https://www.instagram.com/aldeco_interiorfabrics/">https://www.instagram.com/aldeco_interiorfabrics/</a></p>
<p><a href="https://aldeco.pt/product/local-fr/?attribute_pa_aldeco-color=01-marzipan">https://aldeco.pt/product/local-fr/?attribute_pa_aldeco-color=01-marzipan</a></p>
<p>&nbsp;</p>
