{"id":192513,"date":"2024-05-12T19:40:29","date_gmt":"2024-05-12T19:40:29","guid":{"rendered":"https:\/\/aldeco.pt\/product\/influence\/"},"modified":"2024-08-29T14:40:45","modified_gmt":"2024-08-29T14:40:45","slug":"influence","status":"publish","type":"product","link":"https:\/\/staging.aldeco.pt\/es\/product\/influence\/","title":{"rendered":"INFLUENCE"},"content":{"rendered":"<p>INFLUENCE es un tejido bordado con aspecto de lino que combina diferentes puntos bordados con el boucl\u00e9, dot\u00e1ndolo de una enorme tridimensionalidad. Su fondo escarpado y ligero contrasta con las formas geom\u00e9tricas del bordado, creando un ritmo equilibrado entre lo delicado y lo fren\u00e9tico de las formas, como la vida de Veva en los influyentes c\u00edrculos sociales que reun\u00edan a la cr\u00e8me de la cr\u00e8me de los fil\u00f3sofos y pensadores modernistas.<\/p>\n","protected":false},"excerpt":{"rendered":"<p>INFLUENCE es un tejido bordado con aspecto de lino que combina diferentes puntos bordados con el boucl\u00e9, dot\u00e1ndolo de una enorme tridimensionalidad. Su fondo escarpado y ligero contrasta con las formas geom\u00e9tricas del bordado, creando un ritmo equilibrado entre lo delicado y lo fren\u00e9tico de las formas, como la vida de Veva en los influyentes c\u00edrculos sociales que reun\u00edan a la cr\u00e8me de la cr\u00e8me de los fil\u00f3sofos y pensadores modernistas.<\/p>\n<p>&nbsp;<\/p>\n<h2>INFLUENCE es un tejido bordado con aspecto de lino que combina diferentes puntos bordados con el boucl\u00e9, dot\u00e1ndolo de una enorme tridimensionalidad. Su fondo escarpado y ligero contrasta con las formas geom\u00e9tricas del bordado, creando un ritmo equilibrado entre lo delicado y lo fren\u00e9tico de las formas, como la vida de Veva en los influyentes c\u00edrculos sociales que reun\u00edan a la cr\u00e8me de la cr\u00e8me de los fil\u00f3sofos y pensadores modernistas.<\/h2>\n<p>&nbsp;<\/p>\n<p><img fetchpriority=\"high\" decoding=\"async\" class=\"alignnone wp-image-176932 size-medium\" src=\"https:\/\/aldeco.pt\/wp-content\/uploads\/2024\/01\/T192950001-3-300x200.jpg\" alt=\"Influence - Aldeco\" width=\"300\" height=\"200\"><\/p>\n<p><a href=\"https:\/\/www.instagram.com\/aldeco_interiorfabrics\/\">https:\/\/www.instagram.com\/aldeco_interiorfabrics\/<\/a><\/p>\n<p><a href=\"https:\/\/aldeco.pt\/product\/influence\/?attribute_pa_aldeco-color=01-natural-white\">https:\/\/aldeco.pt\/product\/influence\/?attribute_pa_aldeco-color=01-natural-white<\/a><\/p>\n","protected":false},"featured_media":226918,"template":"","meta":[],"product_brand":[],"product_cat":[6146],"product_tag":[],"class_list":["post-192513","product","type-product","status-publish","has-post-thumbnail","product_cat-aldeco-2-es","pa_cleanability-8283","pa_composition-ext-63-co-37-pl-bordado-100-pc-es","pa_interior-fabrics-1-es","pa_line-telas","pa_lithfastness-4-es","pa_outdoor-0-es","pa_range-bordado-es","pa_range-boucle-es","pa_range-transparencias","pa_rapport-horizontal-69-5-es","pa_rapport-vertical-59-es","pa_sustainable-fabrics-1-es","first","instock","purchasable","product-type-variable"],"acf":[],"_links":{"self":[{"href":"https:\/\/staging.aldeco.pt\/es\/wp-json\/wp\/v2\/product\/192513","targetHints":{"allow":["GET"]}}],"collection":[{"href":"https:\/\/staging.aldeco.pt\/es\/wp-json\/wp\/v2\/product"}],"about":[{"href":"https:\/\/staging.aldeco.pt\/es\/wp-json\/wp\/v2\/types\/product"}],"version-history":[{"count":1,"href":"https:\/\/staging.aldeco.pt\/es\/wp-json\/wp\/v2\/product\/192513\/revisions"}],"predecessor-version":[{"id":199711,"href":"https:\/\/staging.aldeco.pt\/es\/wp-json\/wp\/v2\/product\/192513\/revisions\/199711"}],"wp:featuredmedia":[{"embeddable":true,"href":"https:\/\/staging.aldeco.pt\/es\/wp-json\/wp\/v2\/media\/226918"}],"wp:attachment":[{"href":"https:\/\/staging.aldeco.pt\/es\/wp-json\/wp\/v2\/media?parent=192513"}],"wp:term":[{"taxonomy":"product_brand","embeddable":true,"href":"https:\/\/staging.aldeco.pt\/es\/wp-json\/wp\/v2\/product_brand?post=192513"},{"taxonomy":"product_cat","embeddable":true,"href":"https:\/\/staging.aldeco.pt\/es\/wp-json\/wp\/v2\/product_cat?post=192513"},{"taxonomy":"product_tag","embeddable":true,"href":"https:\/\/staging.aldeco.pt\/es\/wp-json\/wp\/v2\/product_tag?post=192513"}],"curies":[{"name":"wp","href":"https:\/\/api.w.org\/{rel}","templated":true}]}}

<p>INFLUENCE es un tejido bordado con aspecto de lino que combina diferentes puntos bordados con el bouclé, dotándolo de una enorme tridimensionalidad. Su fondo escarpado y ligero contrasta con las formas geométricas del bordado, creando un ritmo equilibrado entre lo delicado y lo frenético de las formas, como la vida de Veva en los influyentes círculos sociales que reunían a la crème de la crème de los filósofos y pensadores modernistas.</p>

<p>INFLUENCE es un tejido bordado con aspecto de lino que combina diferentes puntos bordados con el bouclé, dotándolo de una enorme tridimensionalidad. Su fondo escarpado y ligero contrasta con las formas geométricas del bordado, creando un ritmo equilibrado entre lo delicado y lo frenético de las formas, como la vida de Veva en los influyentes círculos sociales que reunían a la crème de la crème de los filósofos y pensadores modernistas.</p>
<p>&nbsp;</p>
<h2>INFLUENCE es un tejido bordado con aspecto de lino que combina diferentes puntos bordados con el bouclé, dotándolo de una enorme tridimensionalidad. Su fondo escarpado y ligero contrasta con las formas geométricas del bordado, creando un ritmo equilibrado entre lo delicado y lo frenético de las formas, como la vida de Veva en los influyentes círculos sociales que reunían a la crème de la crème de los filósofos y pensadores modernistas.</h2>
<p>&nbsp;</p>
<p><img fetchpriority="high" decoding="async" class="alignnone wp-image-176932 size-medium" src="https://aldeco.pt/wp-content/uploads/2024/01/T192950001-3-300x200.jpg" alt="Influence - Aldeco" width="300" height="200"></p>
<p><a href="https://www.instagram.com/aldeco_interiorfabrics/">https://www.instagram.com/aldeco_interiorfabrics/</a></p>
<p><a href="https://aldeco.pt/product/influence/?attribute_pa_aldeco-color=01-natural-white">https://aldeco.pt/product/influence/?attribute_pa_aldeco-color=01-natural-white</a></p>
