{"id":192455,"date":"2024-05-09T20:27:14","date_gmt":"2024-05-09T20:27:14","guid":{"rendered":"https:\/\/aldeco.pt\/product\/grace-water-repellent-fr\/"},"modified":"2024-10-07T11:42:23","modified_gmt":"2024-10-07T11:42:23","slug":"grace-water-repellent-fr","status":"publish","type":"product","link":"https:\/\/staging.aldeco.pt\/es\/product\/grace-water-repellent-fr\/","title":{"rendered":"GRACE WATER REPELLENT FR"},"content":{"rendered":"<p>GRACE WATER REPELLENT FR es una chenilla apto para tapicer\u00eda con alta resistencia a la abrasi\u00f3n. Este tejido de tapicer\u00eda cuenta con un tratamiento repelente a agua para un mayor rendimiento y un f\u00e1cil mantenimiento, cumple con la norma REACH en cuanto a sostenibilidad y trazabilidad de sustancias qu\u00edmicas. Es ign\u00edfugo certificado en varias normas y est\u00e1 disponible en 16 colores muy de moda.<\/p>\n","protected":false},"excerpt":{"rendered":"<p>GRACE WATER REPELLENT FR es una chenilla apto para tapicer\u00eda con alta resistencia a la abrasi\u00f3n. Este tejido de tapicer\u00eda cuenta con un tratamiento repelente a agua para un mayor rendimiento y un f\u00e1cil mantenimiento, cumple con la norma REACH en cuanto a sostenibilidad y trazabilidad de sustancias qu\u00edmicas. Es ign\u00edfugo certificado en varias normas y est\u00e1 disponible en 16 colores muy de moda.<\/p>\n<h2>GRACE WATER REPELLENT FR es una chenilla apto para tapicer\u00eda con alta resistencia a la abrasi\u00f3n. Este tejido de tapicer\u00eda cuenta con un tratamiento repelente a agua para un mayor rendimiento y un f\u00e1cil mantenimiento, cumple con la norma REACH en cuanto a sostenibilidad y trazabilidad de sustancias qu\u00edmicas. Es ign\u00edfugo certificado en varias normas y est\u00e1 disponible en 16 colores muy de moda.<\/h2>\n<p><img fetchpriority=\"high\" decoding=\"async\" class=\"alignnone wp-image-158956 size-medium\" src=\"https:\/\/aldeco.pt\/wp-content\/uploads\/2024\/05\/T192810016-300x200.jpg\" alt=\"Grace Water Repellent FR - Aldeco\" width=\"300\" height=\"200\" \/><\/p>\n<p><a href=\"https:\/\/www.instagram.com\/aldeco_interiorfabrics\/\">https:\/\/www.instagram.com\/aldeco_interiorfabrics\/<\/a><\/p>\n<p><a href=\"https:\/\/aldeco.pt\/product\/grace-water-repellent-fr\/?attribute_pa_aldeco-color=01-natural-white\">https:\/\/aldeco.pt\/product\/grace-water-repellent-fr\/?attribute_pa_aldeco-color=01-natural-white<\/a><\/p>\n","protected":false},"featured_media":158954,"template":"","meta":[],"product_brand":[],"product_cat":[6146,6154,6152],"product_tag":[],"class_list":["post-192455","product","type-product","status-publish","has-post-thumbnail","product_cat-aldeco-2-es","product_cat-aldeco-smarter-es","product_cat-contract-es","pa_cleanability-8283","pa_composition-ext-100-pl-es","pa_contract-fabrics-1-es","pa_interior-fabrics-1-es","pa_line-telas","pa_lithfastness-5-es","pa_outdoor-0-es","pa_range-chenilla","pa_range-liso-es","pa_special-treatments-fabrics-1-es","pa_sustainable-fabrics-1-es","first","instock","purchasable","product-type-variable"],"acf":[],"_links":{"self":[{"href":"https:\/\/staging.aldeco.pt\/es\/wp-json\/wp\/v2\/product\/192455","targetHints":{"allow":["GET"]}}],"collection":[{"href":"https:\/\/staging.aldeco.pt\/es\/wp-json\/wp\/v2\/product"}],"about":[{"href":"https:\/\/staging.aldeco.pt\/es\/wp-json\/wp\/v2\/types\/product"}],"version-history":[{"count":2,"href":"https:\/\/staging.aldeco.pt\/es\/wp-json\/wp\/v2\/product\/192455\/revisions"}],"predecessor-version":[{"id":202122,"href":"https:\/\/staging.aldeco.pt\/es\/wp-json\/wp\/v2\/product\/192455\/revisions\/202122"}],"wp:featuredmedia":[{"embeddable":true,"href":"https:\/\/staging.aldeco.pt\/es\/wp-json\/wp\/v2\/media\/158954"}],"wp:attachment":[{"href":"https:\/\/staging.aldeco.pt\/es\/wp-json\/wp\/v2\/media?parent=192455"}],"wp:term":[{"taxonomy":"product_brand","embeddable":true,"href":"https:\/\/staging.aldeco.pt\/es\/wp-json\/wp\/v2\/product_brand?post=192455"},{"taxonomy":"product_cat","embeddable":true,"href":"https:\/\/staging.aldeco.pt\/es\/wp-json\/wp\/v2\/product_cat?post=192455"},{"taxonomy":"product_tag","embeddable":true,"href":"https:\/\/staging.aldeco.pt\/es\/wp-json\/wp\/v2\/product_tag?post=192455"}],"curies":[{"name":"wp","href":"https:\/\/api.w.org\/{rel}","templated":true}]}}

<p>GRACE WATER REPELLENT FR es una chenilla apto para tapicería con alta resistencia a la abrasión. Este tejido de tapicería cuenta con un tratamiento repelente a agua para un mayor rendimiento y un fácil mantenimiento, cumple con la norma REACH en cuanto a sostenibilidad y trazabilidad de sustancias químicas. Es ignífugo certificado en varias normas y está disponible en 16 colores muy de moda.</p>

<p>GRACE WATER REPELLENT FR es una chenilla apto para tapicería con alta resistencia a la abrasión. Este tejido de tapicería cuenta con un tratamiento repelente a agua para un mayor rendimiento y un fácil mantenimiento, cumple con la norma REACH en cuanto a sostenibilidad y trazabilidad de sustancias químicas. Es ignífugo certificado en varias normas y está disponible en 16 colores muy de moda.</p>
<h2>GRACE WATER REPELLENT FR es una chenilla apto para tapicería con alta resistencia a la abrasión. Este tejido de tapicería cuenta con un tratamiento repelente a agua para un mayor rendimiento y un fácil mantenimiento, cumple con la norma REACH en cuanto a sostenibilidad y trazabilidad de sustancias químicas. Es ignífugo certificado en varias normas y está disponible en 16 colores muy de moda.</h2>
<p><img fetchpriority="high" decoding="async" class="alignnone wp-image-158956 size-medium" src="https://aldeco.pt/wp-content/uploads/2024/05/T192810016-300x200.jpg" alt="Grace Water Repellent FR - Aldeco" width="300" height="200" /></p>
<p><a href="https://www.instagram.com/aldeco_interiorfabrics/">https://www.instagram.com/aldeco_interiorfabrics/</a></p>
<p><a href="https://aldeco.pt/product/grace-water-repellent-fr/?attribute_pa_aldeco-color=01-natural-white">https://aldeco.pt/product/grace-water-repellent-fr/?attribute_pa_aldeco-color=01-natural-white</a></p>
