{"id":161699,"date":"2024-05-09T19:29:40","date_gmt":"2024-05-09T19:29:40","guid":{"rendered":"https:\/\/aldeco.pt\/product\/bliss-comporta-in-outdoor\/"},"modified":"2024-08-29T14:49:43","modified_gmt":"2024-08-29T14:49:43","slug":"bliss-comporta-in-outdoor","status":"publish","type":"product","link":"https:\/\/staging.aldeco.pt\/es\/product\/bliss-comporta-in-outdoor\/","title":{"rendered":"BLISS COMPORTA IN\/OUTDOOR"},"content":{"rendered":"<p>Tejido jacquard para In\/Outdoor inspirado en la cester\u00eda portuguesa con un patr\u00f3n geom\u00e9trico complejo.<br \/>\nEst\u00e1 disponible en 5 colores.<\/p>\n","protected":false},"excerpt":{"rendered":"<p>Tejido jacquard para In\/Outdoor inspirado en la cester\u00eda portuguesa con un patr\u00f3n geom\u00e9trico complejo.<br \/>\nEst\u00e1 disponible en 5 colores.<\/p>\n<h2>Bliss Comporta In\/Outdoor es un tejido jacquard para In\/Outdoor inspirado en la cester\u00eda portuguesa con un patr\u00f3n geom\u00e9trico complejo.<br \/>\nEst\u00e1 disponible en 5 colores.<\/h2>\n<p><img fetchpriority=\"high\" decoding=\"async\" class=\"alignnone wp-image-190297 size-medium\" src=\"https:\/\/aldeco.pt\/wp-content\/uploads\/2024\/01\/T191500001-3-300x212.jpg\" alt=\"Bliss Comporta In\/Outdoor - Aldeco\" width=\"300\" height=\"212\"><\/p>\n<p><a href=\"https:\/\/www.instagram.com\/aldeco_interiorfabrics\/\">https:\/\/www.instagram.com\/aldeco_interiorfabrics\/<\/a><\/p>\n<p><a href=\"https:\/\/aldeco.pt\/product\/bliss-comporta-in-outdoor\/?attribute_pa_aldeco-color=01-pale-dogwood-nude\">https:\/\/aldeco.pt\/product\/bliss-comporta-in-outdoor\/?attribute_pa_aldeco-color=01-pale-dogwood-nude<\/a><\/p>\n","protected":false},"featured_media":158197,"template":"","meta":[],"product_brand":[],"product_cat":[6146],"product_tag":[],"class_list":["post-161699","product","type-product","status-publish","has-post-thumbnail","product_cat-aldeco-2-es","pa_cleanability-8283","pa_composition-ext-100-pp-es","pa_contract-fabrics-1-es","pa_indoor-fabrics-1-es","pa_interior-fabrics-1-es","pa_line-telas","pa_lithfastness-7-es","pa_outdoor-exterior","pa_range-jacquard-es","pa_rapport-horizontal-26-es","pa_rapport-vertical-2-5-es","pa_special-treatments-fabrics-1-es","first","instock","purchasable","product-type-variable"],"acf":[],"_links":{"self":[{"href":"https:\/\/staging.aldeco.pt\/es\/wp-json\/wp\/v2\/product\/161699","targetHints":{"allow":["GET"]}}],"collection":[{"href":"https:\/\/staging.aldeco.pt\/es\/wp-json\/wp\/v2\/product"}],"about":[{"href":"https:\/\/staging.aldeco.pt\/es\/wp-json\/wp\/v2\/types\/product"}],"version-history":[{"count":1,"href":"https:\/\/staging.aldeco.pt\/es\/wp-json\/wp\/v2\/product\/161699\/revisions"}],"predecessor-version":[{"id":190337,"href":"https:\/\/staging.aldeco.pt\/es\/wp-json\/wp\/v2\/product\/161699\/revisions\/190337"}],"wp:featuredmedia":[{"embeddable":true,"href":"https:\/\/staging.aldeco.pt\/es\/wp-json\/wp\/v2\/media\/158197"}],"wp:attachment":[{"href":"https:\/\/staging.aldeco.pt\/es\/wp-json\/wp\/v2\/media?parent=161699"}],"wp:term":[{"taxonomy":"product_brand","embeddable":true,"href":"https:\/\/staging.aldeco.pt\/es\/wp-json\/wp\/v2\/product_brand?post=161699"},{"taxonomy":"product_cat","embeddable":true,"href":"https:\/\/staging.aldeco.pt\/es\/wp-json\/wp\/v2\/product_cat?post=161699"},{"taxonomy":"product_tag","embeddable":true,"href":"https:\/\/staging.aldeco.pt\/es\/wp-json\/wp\/v2\/product_tag?post=161699"}],"curies":[{"name":"wp","href":"https:\/\/api.w.org\/{rel}","templated":true}]}}

<p>Tejido jacquard para In/Outdoor inspirado en la cestería portuguesa con un patrón geométrico complejo.<br />
Está disponible en 5 colores.</p>

<p>Tejido jacquard para In/Outdoor inspirado en la cestería portuguesa con un patrón geométrico complejo.<br />
Está disponible en 5 colores.</p>
<h2>Bliss Comporta In/Outdoor es un tejido jacquard para In/Outdoor inspirado en la cestería portuguesa con un patrón geométrico complejo.<br />
Está disponible en 5 colores.</h2>
<p><img fetchpriority="high" decoding="async" class="alignnone wp-image-190297 size-medium" src="https://aldeco.pt/wp-content/uploads/2024/01/T191500001-3-300x212.jpg" alt="Bliss Comporta In/Outdoor - Aldeco" width="300" height="212"></p>
<p><a href="https://www.instagram.com/aldeco_interiorfabrics/">https://www.instagram.com/aldeco_interiorfabrics/</a></p>
<p><a href="https://aldeco.pt/product/bliss-comporta-in-outdoor/?attribute_pa_aldeco-color=01-pale-dogwood-nude">https://aldeco.pt/product/bliss-comporta-in-outdoor/?attribute_pa_aldeco-color=01-pale-dogwood-nude</a></p>
