{"id":161695,"date":"2024-05-09T19:28:55","date_gmt":"2024-05-09T19:28:55","guid":{"rendered":"https:\/\/aldeco.pt\/product\/blend\/"},"modified":"2024-09-26T09:13:01","modified_gmt":"2024-09-26T09:13:01","slug":"blend","status":"publish","type":"product","link":"https:\/\/staging.aldeco.pt\/es\/product\/blend\/","title":{"rendered":"BLEND"},"content":{"rendered":"<p>Blend es una tela estructurada por un elegante micro-motivo geom\u00e9trico que destaca en una transparencia de tonos neutros.<br \/>\nLa anchura es de 330 cm y est\u00e1 hecho de 100% lyocell. El drapeado tiene un fant\u00e1stico tacto suave como el cachemir. La paleta de colores est\u00e1 en una escala de colores neutros y suaves.<\/p>\n","protected":false},"excerpt":{"rendered":"<p>Blend es una tela estructurada por un elegante micro-motivo geom\u00e9trico que destaca en una transparencia de tonos neutros.<br \/>\nLa anchura es de 330 cm y est\u00e1 hecho de 100% lyocell. El drapeado tiene un fant\u00e1stico tacto suave como el cachemir. La paleta de colores est\u00e1 en una escala de colores neutros y suaves.<\/p>\n<h2>Blend es una tela estructurada por un elegante micro-motivo geom\u00e9trico que destaca en una transparencia de tonos neutros.<br \/>\nLa anchura es de 330 cm y est\u00e1 hecho de 100% lyocell. El drapeado tiene un fant\u00e1stico tacto suave como el cachemir. La paleta de colores est\u00e1 en una escala de colores neutros y suaves.<\/h2>\n<p><img fetchpriority=\"high\" decoding=\"async\" class=\"alignnone wp-image-69662 size-medium\" src=\"https:\/\/aldeco.pt\/wp-content\/uploads\/2024\/01\/T019670004-1-300x250.jpg\" alt=\"Blend - Aldeco\" width=\"300\" height=\"250\" \/><\/p>\n<p style=\"text-align: left;\"><a href=\"https:\/\/aldeco.pt\/pt-pt\/product\/blend-2\/?attribute_pa_aldeco-color=01-pure-white-pt-pt\">https:\/\/aldeco.pt\/pt-pt\/product\/blend-2\/?attribute_pa_aldeco-color=01-pure-white-pt-pt<\/a><\/p>\n<p><a href=\"https:\/\/www.instagram.com\/aldeco_interiorfabrics\/\">https:\/\/www.instagram.com\/aldeco_interiorfabrics\/<\/a><\/p>\n","protected":false},"featured_media":154834,"template":"","meta":[],"product_brand":[],"product_cat":[6146],"product_tag":[],"class_list":["post-161695","product","type-product","status-publish","has-post-thumbnail","product_cat-aldeco-2-es","pa_cleanability-8283","pa_composition-ext-100-ly-es","pa_interior-fabrics-1-es","pa_line-telas","pa_lithfastness-9681","pa_outdoor-0-es","pa_range-liso-es","pa_range-transparencias","first","instock","purchasable","product-type-variable"],"acf":[],"_links":{"self":[{"href":"https:\/\/staging.aldeco.pt\/es\/wp-json\/wp\/v2\/product\/161695","targetHints":{"allow":["GET"]}}],"collection":[{"href":"https:\/\/staging.aldeco.pt\/es\/wp-json\/wp\/v2\/product"}],"about":[{"href":"https:\/\/staging.aldeco.pt\/es\/wp-json\/wp\/v2\/types\/product"}],"version-history":[{"count":4,"href":"https:\/\/staging.aldeco.pt\/es\/wp-json\/wp\/v2\/product\/161695\/revisions"}],"predecessor-version":[{"id":200833,"href":"https:\/\/staging.aldeco.pt\/es\/wp-json\/wp\/v2\/product\/161695\/revisions\/200833"}],"wp:featuredmedia":[{"embeddable":true,"href":"https:\/\/staging.aldeco.pt\/es\/wp-json\/wp\/v2\/media\/154834"}],"wp:attachment":[{"href":"https:\/\/staging.aldeco.pt\/es\/wp-json\/wp\/v2\/media?parent=161695"}],"wp:term":[{"taxonomy":"product_brand","embeddable":true,"href":"https:\/\/staging.aldeco.pt\/es\/wp-json\/wp\/v2\/product_brand?post=161695"},{"taxonomy":"product_cat","embeddable":true,"href":"https:\/\/staging.aldeco.pt\/es\/wp-json\/wp\/v2\/product_cat?post=161695"},{"taxonomy":"product_tag","embeddable":true,"href":"https:\/\/staging.aldeco.pt\/es\/wp-json\/wp\/v2\/product_tag?post=161695"}],"curies":[{"name":"wp","href":"https:\/\/api.w.org\/{rel}","templated":true}]}}

<p>Blend es una tela estructurada por un elegante micro-motivo geométrico que destaca en una transparencia de tonos neutros.<br />
La anchura es de 330 cm y está hecho de 100% lyocell. El drapeado tiene un fantástico tacto suave como el cachemir. La paleta de colores está en una escala de colores neutros y suaves.</p>

<p>Blend es una tela estructurada por un elegante micro-motivo geométrico que destaca en una transparencia de tonos neutros.<br />
La anchura es de 330 cm y está hecho de 100% lyocell. El drapeado tiene un fantástico tacto suave como el cachemir. La paleta de colores está en una escala de colores neutros y suaves.</p>
<h2>Blend es una tela estructurada por un elegante micro-motivo geométrico que destaca en una transparencia de tonos neutros.<br />
La anchura es de 330 cm y está hecho de 100% lyocell. El drapeado tiene un fantástico tacto suave como el cachemir. La paleta de colores está en una escala de colores neutros y suaves.</h2>
<p><img fetchpriority="high" decoding="async" class="alignnone wp-image-69662 size-medium" src="https://aldeco.pt/wp-content/uploads/2024/01/T019670004-1-300x250.jpg" alt="Blend - Aldeco" width="300" height="250" /></p>
<p style="text-align: left;"><a href="https://aldeco.pt/pt-pt/product/blend-2/?attribute_pa_aldeco-color=01-pure-white-pt-pt">https://aldeco.pt/pt-pt/product/blend-2/?attribute_pa_aldeco-color=01-pure-white-pt-pt</a></p>
<p><a href="https://www.instagram.com/aldeco_interiorfabrics/">https://www.instagram.com/aldeco_interiorfabrics/</a></p>
